ns digit of u?
2
Let u(s) = s**3 + 3*s**2 - 4*s - 11. Let p be u(-5). Let w = 99 + p. What is the units digit of w?
8
Suppose -3*q - 4535 = 5*o, 1856 + 2670 = -3*q + 4*o. What is the units digit of q/(-6) + 6/(-9)?
1
Suppose 0 = g - 3*g + 20. Suppose -y = 4*y - g. What is the tens digit of 37/(y/(1 - -3))?
7
Let m = -370 - -648. What is the tens digit of m?
7
Suppose 0 = 7*k - 15 + 120. Let i(v) = v**3 + 13*v**2 - 32*v - 21. What is the units digit of i(k)?
9
Let d be 354/(-18) + (6/9 - 1). Let t(y) = 2*y**2 + 32*y + 9. What is the tens digit of t(d)?
6
Let v be (-100)/15*6/(-5). Suppose 0*g = -2*g + v. Suppose -g*n - 10 = -38. What is the units digit of n?
7
Suppose -272 = -h + 5*h. Let a = h - -86. What is the tens digit of a?
1
Let k(u) = u**3 + 11*u**2 - 45*u + 5. What is the hundreds digit of k(-11)?
5
Let u = -46 + 731. What is the hundreds digit of u?
6
Let d(x) = 4*x**2 + x. Let t be d(-1). Let l(z) = z + 10. Let g be l(-6). Suppose 4*w - 148 = -g*m - w, -t*m - w + 122 = 0. What is the tens digit of m?
4
What is the tens digit of (-8)/84 - 13925/(-21)?
6
Suppose 0 = 3*m - 2*s - 42, -4*m + m + 42 = 3*s. Let t be 15 - m - (71 - 0). What is the tens digit of -17 + 18 - t/2?
3
Suppose -4*w = 2*z - 234, 4*w + 4*z - 102 = 2*w. Let y = w - 40. What is the units digit of y?
1
Suppose -15*n + 563 = -6037. What is the hundreds digit of n?
4
Suppose 14 = -24*n + 26*n. Suppose 0 = -3*o - 0*f + 4*f - 13, 2*o + 4*f - 18 = 0. Let p = o + n. What is the units digit of p?
8
Let x(c) = c - 1. Let k be x(3). Let w(a) be the third derivative of 11*a**4/24 + a**3/2 - 96*a**2. What is the units digit of w(k)?
5
Suppose 13 + 3 = -4*r. Let t = r - -8. Suppose -t*v - 5*j = -71, 3*v = -2*v - 5*j + 85. What is the units digit of v?
4
What is the hundreds digit of (-4638)/(-14) - (-50)/(-175)?
3
Let i = 3 + -3. Suppose 3*w - 7 - 8 = i. Suppose -3*t + w*t + 63 = 5*c, -5*t = 20. What is the units digit of c?
1
Suppose 79*k = 83*k - 9104. What is the units digit of k?
6
Let t(m) be the first derivative of -17*m**2/2 + 6*m - 36. What is the tens digit of t(-4)?
7
Let o be (-11)/(-22) + 6/4. Suppose 4*y - o*p - 6 = 0, -y - p + 6 = -0. Suppose -2*t = -j + 4*j - 16, y*t + 12 = 0. What is the units digit of j?
8
Let v(r) = 23*r + 29. What is the units digit of v(20)?
9
Suppose 4*c + 4*g = 137 - 45, -4*g = 2*c - 36. Let s = c - -16. What is the tens digit of s?
4
Suppose -6*f + 176 = 2*f. What is the tens digit of f?
2
Suppose 1 = 4*h - 19. Suppose -h*q = -q - 136. What is the tens digit of q?
3
Let g(h) = -h**2 + 12*h - 2 - 21*h + 18*h. Let u be g(8). Suppose -8*z + 70 = -u*z. What is the units digit of z?
5
What is the units digit of ((-280)/350)/((-1)/535)?
8
Let b = -398 + 721. Suppose -2*n - 3*n = c - b, -n + 1349 = 4*c. What is the hundreds digit of c?
3
Let m(k) = -2*k + 12. Let t be m(5). Suppose -t*q - 18 = -4*q. Suppose 10 = -q*a + 10*a. What is the units digit of a?
0
Let g = 916 + -839. What is the tens digit of g?
7
Suppose 3*m + 5*x = -82, -4*m = -m - x + 88. Let h = m + 45. What is the tens digit of h?
1
Let r(x) = -3*x - 25. Let z(q) = -14*q - 81. Let t(c) = 13*c + 80. Let b(y) = 6*t(y) + 5*z(y). Let i(w) = 4*b(w) + 11*r(w). What is the units digit of i(0)?
5
Let a(r) = -r**2 + 34*r + 109. What is the hundreds digit of a(19)?
3
Suppose 4*f + q = 2*f + 553, f - 2*q - 279 = 0. What is the tens digit of f?
7
Suppose 5*f = -2*h + 2935 + 2408, -f - 5361 = -2*h. What is the thousands digit of h?
2
Suppose -g = -3*g. Suppose 264 = 7*n - 3*n + 5*m, -2*n = -4*m - 158. Let h = n + g. What is the units digit of h?
1
Suppose -5*s + 25 = -5*j, 3*j - 7*j = 5*s - 25. What is the tens digit of 3 - -1 - (-73 + s + 1)?
7
Let z(o) = 1843*o**2 - 4*o - 1. What is the units digit of z(1)?
8
Suppose 29*a + 4285 = 18611. What is the units digit of a?
4
Let c = 1296 - 636. What is the units digit of c?
0
Suppose 2*v = 2*h + 18 + 1574, -v + 3*h + 792 = 0. What is the tens digit of v?
9
Let v(t) = 13*t + 2. Let r be v(1). Let s = 19 - r. Suppose -123 = -s*b + 17. What is the tens digit of b?
3
Let n = -1412 - -2069. What is the hundreds digit of n?
6
Let c(o) = -21*o**3 + 6*o**2 + 34*o + 9. What is the thousands digit of c(-4)?
1
Let r(y) = 4*y**2 - 51*y + 8. Let x(b) = -b**2 + 17*b - 3. Let k(d) = 2*r(d) + 7*x(d). Let g be k(-16). What is the units digit of ((-6)/7)/(1/g)?
8
Let b = -1082 - -2369. What is the units digit of b?
7
Suppose -3*v + n = -1488, -7*n = -11*n. What is the hundreds digit of v?
4
Suppose 3*d + 7*d - 590 = 0. Suppose -l - 105 = -5*g + 2*l, 3*g - l = d. What is the tens digit of g?
1
Let y(p) = -p**3 + 12*p**2 - 17*p + 4. Let w(m) = 3*m + 3. Let l be w(2). What is the tens digit of y(l)?
9
Suppose -22*r + 14*r + 16 = 0. Suppose -r*p = -2*y + 12 - 188, -p + 84 = y. What is the tens digit of p?
8
Let s(p) = -14*p**3 + 2*p**2 - 17*p - 49. What is the thousands digit of s(-7)?
4
Suppose 0 = 8*w - 3*w - 5*i + 45, 41 = -4*w - i. Let z be w*1*(-4)/8. Suppose -r + c + 13 = 0, r + 5 = -z*c - 0*c. What is the units digit of r?
0
Suppose 0 = l + 1 - 4. Suppose -l*p + 2*q = 5*q, -5*p - 4*q + 2 = 0. What is the units digit of (3/p)/(6/172)?
3
Let u(z) = 4*z**2 + 42*z - 52. Let b(v) = 9*v**2 + 85*v - 103. Let m(d) = 3*b(d) - 7*u(d). What is the hundreds digit of m(-31)?
3
Let v(m) = -4*m + 8. Let z = 42 - 55. What is the tens digit of v(z)?
6
Suppose 2*q - 2*f - 16 = -6*f, 3*f + 76 = 4*q. Suppose 2*h - q = -2*m, 3*m + 5*h = h + 29. Suppose m*s - 44 = 10. What is the units digit of s?
8
Let c(p) = p**3 - p**2 - p. Let f be c(0). Let u = f - 1. What is the units digit of (-3 + 2 + u)*-2?
4
Let j be (-22)/(-1)*17/(-34). Let s = j - -15. Suppose -s = l - 5*l. What is the units digit of l?
1
Suppose 5*y = 2*b - 1527, -5*y - 334 - 422 = -b. What is the tens digit of b?
7
Suppose z - 123 = -0*z + 5*t, 4*z + 2*t = 470. Let o be (91 - 12) + 0 + 1. Let q = z - o. What is the tens digit of q?
3
Let c(n) = n**3 + 8*n**2 - n - 12. Let q be c(-9). Let i = q - -94. What is the tens digit of i?
1
What is the tens digit of -3*410/135*-9?
8
Let z = -20 + 20. Suppose z*n + 61 = n. What is the units digit of n?
1
What is the tens digit of ((-2 + -4)*13)/(10/(-15))?
1
Let y(v) = 15*v**2 + 3*v - 1. Let r be y(1). Let s(n) = -n**3 + 16*n**2 + 21*n - 12. What is the units digit of s(r)?
6
Let u = -1724 + 3495. What is the thousands digit of u?
1
Suppose -l = 4*i, -4*l - 4*i = -7*i. Suppose -4*u - 92 = -2*o - l*o, -3*u + 129 = 3*o. Suppose w + 16 = o. What is the units digit of w?
8
Let w(n) = -n**3 + 9*n**2 + 5*n + 6. Let r be w(7). Let f = -54 + r. What is the tens digit of f?
8
Suppose 2*y = 3*i - 2*i - 548, -i - 3*y + 523 = 0. What is the units digit of i?
8
Suppose -420 = -8*q + 1556. What is the hundreds digit of q?
2
Suppose -2*x + x - 4*l - 7 = 0, 4*l = -12. What is the units digit of (117/(-2))/(x/(-10))?
7
Suppose -4*w + 16 = -52. Suppose 263 + 3205 = w*d. What is the units digit of d?
4
Let g(f) = -580*f + 6. What is the units digit of g(-1)?
6
Let m(b) = 3*b**2 + 9*b - 63. What is the thousands digit of m(22)?
1
Suppose 3*d = -0*k - 2*k + 492, -3*d + 243 = k. What is the hundreds digit of k?
2
Suppose 0 = -5*c + 12 + 13. Let y(g) = -g**2 + 5*g + 12. Let u be y(c). Suppose 2*l + 2*s = -3*s - 21, 4*l + 4*s + u = 0. What is the units digit of l?
2
Let c(d) = -88*d + 14. What is the units digit of c(-13)?
8
Suppose 3*x + 0*x = 5*h - 458, 3*h + x - 286 = 0. Let v = 163 - h. Let o = -40 + v. What is the units digit of o?
9
Let d(k) = -k + 17. Suppose 0 = -5*c - 2 + 82. Let g be d(c). What is the tens digit of (-1)/g - -14 - 0?
1
Suppose 2*g = -0*g + 4*l + 216, 4*g + 3*l = 454. Suppose 3*u = 149 + g. What is the units digit of u?
7
Let v(a) = -a**2 + 5*a + 11. Let t be v(5). Suppose -t = 4*m - 5*m. What is the units digit of m?
1
Let p be (-4)/(-18) + 272/72. Let z = 12 - 10. Suppose 2*m + 50 = p*u, -u + z*m - 4*m = -20. What is the units digit of u?
4
Let t(h) be the second derivative of h**4/12 - 17*h**3/6 + 29*h**2/2 - 10*h. What is the hundreds digit of t(21)?
1
Suppose -3*g + 378 = -4*f, 3*f - 5*g + 285 = -2*g. Let z = -21 - f. What is the units digit of z?
2
Suppose 5*t = c - 717, 2*c + 278 = -2*t - 2*c. Let x be t/(-39) + 2/(-3). Suppose 0 = -2*y - x*y + 250. What is the units digit